{"id":14308,"date":"2025-05-26T14:38:48","date_gmt":"2025-05-26T12:38:48","guid":{"rendered":"https:\/\/finbec.ch\/?post_type=erleben&#038;p=14308"},"modified":"2025-05-26T14:39:39","modified_gmt":"2025-05-26T12:39:39","slug":"evenement-fin-bec","status":"publish","type":"erleben","link":"https:\/\/finbec.ch\/fr\/explorez\/evenement-fin-bec\/","title":{"rendered":"Votre \u00e9v\u00e9nement unique \u2013 au c\u0153ur des vignes de Fin Bec"},"content":{"rendered":"\n<h2 class=\"wp-block-heading\" data-block-type=\"core\">Le lieu \u2013 naturel, ouvert, inspirant<\/h2>\n\n\n\n<p class=\"wp-block-paragraph\" data-block-type=\"core\">Ce que nous proposons est unique : un lieu en pleine nature, entour\u00e9 de vignes, avec beaucoup d\u2019espace et de c\u0153ur \u2013 pour des groupes grands ou petits.<\/p>\n\n\n\n<h2 class=\"wp-block-heading\" data-block-type=\"core\">Nos vins \u2013 le caract\u00e8re et le terroir dans chaque verre<\/h2>\n\n\n\n<p class=\"wp-block-paragraph\" data-block-type=\"core\">Le vin est notre contribution \u00e0 votre f\u00eate. Vinifi\u00e9 sur place, profond\u00e9ment enracin\u00e9 dans notre r\u00e9gion \u2013 nos vins accompagnent votre \u00e9v\u00e9nement avec style et personnalit\u00e9. D\u00e9gustations ou vente de vin sur demande.<\/p>\n\n\n\n<h5 class=\"wp-block-heading\" data-block-type=\"core\">Vous organisez \u2013 nous offrons le cadre<\/h5>\n\n\n\n<p class=\"wp-block-paragraph\" data-block-type=\"core\">En tant qu\u2019h\u00f4te, vous gardez la main : traiteur, musique, d\u00e9coration \u2013 tout est entre vos mains. Nous vous offrons le lieu, les vignes, le vin et l\u2019atmosph\u00e8re.<\/p>\n\n\n\n<p class=\"wp-block-paragraph\" data-block-type=\"core\"><\/p>\n","protected":false},"excerpt":{"rendered":"<p>Au c\u0153ur de nos vignobles, avec une vue imprenable sur la vall\u00e9e du Rh\u00f4ne, Fin Bec offre le cadre id\u00e9al pour des \u00e9v\u00e9nements inoubliables \u2013 qu\u2019il s\u2019agisse d\u2019un mariage, d\u2019une f\u00eate d\u2019entreprise ou d\u2019une c\u00e9l\u00e9bration priv\u00e9e.<\/p>\n<p>Notre lieu d\u2019\u00e9v\u00e9nement incarne l\u2019authenticit\u00e9, l\u2019atmosph\u00e8re et une touche de magie.<\/p>\n","protected":false},"featured_media":14310,"template":"","class_list":["post-14308","erleben","type-erleben","status-publish","has-post-thumbnail","hentry"],"acf":[],"_links":{"self":[{"href":"https:\/\/finbec.ch\/fr\/wp-json\/wp\/v2\/erleben\/14308","targetHints":{"allow":["GET"]}}],"collection":[{"href":"https:\/\/finbec.ch\/fr\/wp-json\/wp\/v2\/erleben"}],"about":[{"href":"https:\/\/finbec.ch\/fr\/wp-json\/wp\/v2\/types\/erleben"}],"wp:featuredmedia":[{"embeddable":true,"href":"https:\/\/finbec.ch\/fr\/wp-json\/wp\/v2\/media\/14310"}],"wp:attachment":[{"href":"https:\/\/finbec.ch\/fr\/wp-json\/wp\/v2\/media?parent=14308"}],"curies":[{"name":"wp","href":"https:\/\/api.w.org\/{rel}","templated":true}]}}

Votre événement unique – au cœur des vignes de Fin Bec

<h2 class="wp-block-heading" data-block-type="core">Le lieu – naturel, ouvert, inspirant</h2>



<p class="wp-block-paragraph" data-block-type="core">Ce que nous proposons est unique : un lieu en pleine nature, entouré de vignes, avec beaucoup d’espace et de cœur – pour des groupes grands ou petits.</p>



<h2 class="wp-block-heading" data-block-type="core">Nos vins – le caractère et le terroir dans chaque verre</h2>



<p class="wp-block-paragraph" data-block-type="core">Le vin est notre contribution à votre fête. Vinifié sur place, profondément enraciné dans notre région – nos vins accompagnent votre événement avec style et personnalité. Dégustations ou vente de vin sur demande.</p>



<h5 class="wp-block-heading" data-block-type="core">Vous organisez – nous offrons le cadre</h5>



<p class="wp-block-paragraph" data-block-type="core">En tant qu’hôte, vous gardez la main : traiteur, musique, décoration – tout est entre vos mains. Nous vous offrons le lieu, les vignes, le vin et l’atmosphère.</p>



<p class="wp-block-paragraph" data-block-type="core"></p>

<p>Au cœur de nos vignobles, avec une vue imprenable sur la vallée du Rhône, Fin Bec offre le cadre idéal pour des événements inoubliables – qu’il s’agisse d’un mariage, d’une fête d’entreprise ou d’une célébration privée.</p>
<p>Notre lieu d’événement incarne l’authenticité, l’atmosphère et une touche de magie.</p>
