{"id":16645,"date":"2026-05-11T16:52:01","date_gmt":"2026-05-11T14:52:01","guid":{"rendered":"https:\/\/finbec.ch\/?post_type=erleben&#038;p=16645"},"modified":"2026-05-13T14:41:27","modified_gmt":"2026-05-13T12:41:27","slug":"caves-ouvertes-2026","status":"publish","type":"erleben","link":"https:\/\/finbec.ch\/fr\/explorez\/caves-ouvertes-2026\/","title":{"rendered":"Caves Ouvertes 2026 \u2013 Venez visiter la Cave Fin Bec \u00e0 Sion"},"content":{"rendered":"\n<p class=\"wp-block-paragraph\" data-block-type=\"core\">Le printemps en Valais est chaque ann\u00e9e un moment fort, et pour nous chez Fin Bec, une merveilleuse occasion de vous ouvrir nos portes.<\/p>\n\n\n\n<h2 class=\"wp-block-heading\" data-block-type=\"core\"><span style=\"color: var(--stk-global-color-48284, #aa2d5a);\" class=\"stk-highlight\">Caves Ouvertes 2026 : ce qui vous attend chez Fin Bec<\/span><\/h2>\n\n\n\n<p class=\"wp-block-paragraph\" data-block-type=\"core\">D\u00e9couvrez les sp\u00e9cialit\u00e9s de raclette raffin\u00e9es de S\u00e9bastien Moret, le tartare artisanal ainsi que les authentiques saucisses valaisannes de Del Genio Artisans Bouchers, parfaitement accord\u00e9s aux vins de Fin Bec.<\/p>\n\n\n\n<p class=\"wp-block-paragraph\" data-block-type=\"core\">En partenariat avec nos producteurs valaisans, nous vous proposons des sp\u00e9cialit\u00e9s culinaires et des d\u00e9gustations exclusives. D\u00e9couvrez toute la diversit\u00e9 du Valais et vivez trois jours plac\u00e9s sous le signe du plaisir, de l\u2019inspiration et de la passion du vin.<\/p>\n\n\n\n<h2 class=\"wp-block-heading\" data-block-type=\"core\"><span style=\"color: var(--stk-global-color-48284, #aa2d5a);\" class=\"stk-highlight\">Profitez \u00e9galement de nos offres promotionnelles limit\u00e9es :<\/span><\/h2>\n\n\n\n<p class=\"wp-block-paragraph\" data-block-type=\"core\">10 % de r\u00e9duction sur tous les vins et vins mousseux \u2013 Avec le code <span style=\"color: var(--stk-global-color-48284, #aa2d5a);\" class=\"stk-highlight\">ARTISANS10<\/span> : <a href=\"https:\/\/finbec.ch\/fr\/\">\u00e9galement dans notre boutique en ligne<\/a><\/p>\n\n\n\n<p class=\"wp-block-paragraph\" data-block-type=\"core\">20 % de r\u00e9duction sur des sp\u00e9cialit\u00e9s s\u00e9lectionn\u00e9es sur place !<\/p>\n\n\n\n<p class=\"wp-block-paragraph\" data-block-type=\"core\"><strong>Pour toute question ou demande compl\u00e9mentaire, n\u2019h\u00e9sitez pas \u00e0 nous contacter via notre formulaire de contact.<\/strong><\/p>\n","protected":false},"excerpt":{"rendered":"<p>Chers gourmets, cette ann\u00e9e, Fin Bec vous invite \u00e0 un \u00e9v\u00e9nement sp\u00e9cial ! Venez d\u00e9guster nos vins raffin\u00e9s tout en d\u00e9couvrant les saveurs exceptionnelles du Valais.<\/p>\n","protected":false},"featured_media":15236,"template":"","class_list":["post-16645","erleben","type-erleben","status-publish","has-post-thumbnail","hentry"],"acf":[],"_links":{"self":[{"href":"https:\/\/finbec.ch\/fr\/wp-json\/wp\/v2\/erleben\/16645","targetHints":{"allow":["GET"]}}],"collection":[{"href":"https:\/\/finbec.ch\/fr\/wp-json\/wp\/v2\/erleben"}],"about":[{"href":"https:\/\/finbec.ch\/fr\/wp-json\/wp\/v2\/types\/erleben"}],"wp:featuredmedia":[{"embeddable":true,"href":"https:\/\/finbec.ch\/fr\/wp-json\/wp\/v2\/media\/15236"}],"wp:attachment":[{"href":"https:\/\/finbec.ch\/fr\/wp-json\/wp\/v2\/media?parent=16645"}],"curies":[{"name":"wp","href":"https:\/\/api.w.org\/{rel}","templated":true}]}}

Caves Ouvertes 2026 – Venez visiter la Cave Fin Bec à Sion

<p class="wp-block-paragraph" data-block-type="core">Le printemps en Valais est chaque année un moment fort, et pour nous chez Fin Bec, une merveilleuse occasion de vous ouvrir nos portes.</p>



<h2 class="wp-block-heading" data-block-type="core"><span style="color: var(--stk-global-color-48284, #aa2d5a);" class="stk-highlight">Caves Ouvertes 2026 : ce qui vous attend chez Fin Bec</span></h2>



<p class="wp-block-paragraph" data-block-type="core">Découvrez les spécialités de raclette raffinées de Sébastien Moret, le tartare artisanal ainsi que les authentiques saucisses valaisannes de Del Genio Artisans Bouchers, parfaitement accordés aux vins de Fin Bec.</p>



<p class="wp-block-paragraph" data-block-type="core">En partenariat avec nos producteurs valaisans, nous vous proposons des spécialités culinaires et des dégustations exclusives. Découvrez toute la diversité du Valais et vivez trois jours placés sous le signe du plaisir, de l’inspiration et de la passion du vin.</p>



<h2 class="wp-block-heading" data-block-type="core"><span style="color: var(--stk-global-color-48284, #aa2d5a);" class="stk-highlight">Profitez également de nos offres promotionnelles limitées :</span></h2>



<p class="wp-block-paragraph" data-block-type="core">10 % de réduction sur tous les vins et vins mousseux – Avec le code <span style="color: var(--stk-global-color-48284, #aa2d5a);" class="stk-highlight">ARTISANS10</span> : <a href="https://finbec.ch/fr/">également dans notre boutique en ligne</a></p>



<p class="wp-block-paragraph" data-block-type="core">20 % de réduction sur des spécialités sélectionnées sur place !</p>



<p class="wp-block-paragraph" data-block-type="core"><strong>Pour toute question ou demande complémentaire, n’hésitez pas à nous contacter via notre formulaire de contact.</strong></p>

<p>Chers gourmets, cette année, Fin Bec vous invite à un événement spécial ! Venez déguster nos vins raffinés tout en découvrant les saveurs exceptionnelles du Valais.</p>
